 2*r**3/3 + 3*r**2 + 40*r + 1. Give p(i).
-6
Let y(l) = l**2 + 5*l + 2. Suppose 0 = 2*w - 20*w + 432. Suppose -d = -1, 0*n + 4*d - w = 5*n. Calculate y(n).
-2
Suppose 5*v - v + 3*w - 34 = 0, -3*v = 5*w - 31. Let q = 13 - v. Let s(u) be the second derivative of u**5/20 - u**4/2 - 2*u**2 + 2*u. Calculate s(q).
-4
Suppose -9*u = -8*u - 36. Let o(m) = -72*m - 1 + 37*m + u*m. Determine o(-6).
-7
Let k(h) = 2*h**2 + 4*h - 5. Let c(o) = -o**2 - 1. Let s(n) = -n**2 - 3. Let u(m) = -2*c(m) + s(m). Let a(w) = k(w) - 4*u(w). Determine a(3).
-7
Let p(c) = 4*c - 22. Let o = -2284 + 2291. Give p(o).
6
Let u(v) = v**2 + 5*v - 2. Let r(p) = -p + 2 - 1 - 1. Let x(j) = -6*r(j) - u(j). Calculate x(0).
2
Let h(c) be the second derivative of c**4/6 + 3*c**3 + c**2 + 12*c. Let l be h(-9). Let y(m) be the second derivative of m**4/12 + m**2/2 + m. Calculate y(l).
5
Let a(d) be the first derivative of 4*d**3 + d**2/2 - d - 130. What is a(-2)?
45
Suppose 0 = 3*j - y - 19, y = 2*j - 2 - 12. Suppose -j*k = -10*k + 10. Suppose -10 = -0*h + k*h. Let d(w) = w - 1. Give d(h).
-6
Let r be (-2 - 1) + -2 - 1. Let w be (2/r)/((-2)/24). Let t(a) = 1 + 8*a**2 + 0 - a**3 - w*a - 2*a**2. Calculate t(5).
6
Let b(k) be the third derivative of 0*k**3 - 4*k**2 + 7/120*k**5 + 1/720*k**6 - 3/8*k**4 + 0*k + 0. Let f(m) be the second derivative of b(m). Give f(5).
12
Let y be (-25)/(-15) + 2 - (-2)/(-3). Let g(t) = 32*t**2 - t**y - 4 + 6 - 27*t**2 + 0*t**3 + 6*t. Calculate g(6).
2
Let y(k) be the third derivative of -k**6/120 - k**5/12 + k**4/3 + k**3/3 + 2*k**2 + 325. What is y(-6)?
-10
Let i be 15/4 + 6/(-8). Suppose 7*x - i*x = -20. Let z(r) = r + 1. What is z(x)?
-4
Let w(n) = -2*n. Let s(b) = -5*b + 1. Let d(x) = 3*s(x) - 7*w(x). Suppose 0 = -10*r - 5*r + 45. What is d(r)?
0
Let o be ((-22)/8)/((-1)/(-8)). Let w = o - -23. Let l be w - (0 - (-3 - -3)). Let d(n) = -4*n**2. Give d(l).
-4
Let m(w) = -2*w - 8. Suppose 47 - 22 = 5*k. Suppose s - 28 = k*s. What is m(s)?
6
Let m(a) = a**3 - 6*a**2 - 18*a + 20. Let f = 476 - 468. Determine m(f).
4
Let l(x) be the third derivative of 1/60*x**5 + 18*x**2 - 5/24*x**4 + 0*x + 0 + 2/3*x**3. Give l(4).
0
Let w(q) = -q + 8. Let u(m) = -1 - 5 + 12 - m. Let j(n) = -4*u(n) + 3*w(n). What is j(-10)?
-10
Let n(w) = 2*w - 5. Suppose 0 = 2*g - 13 + 1. Give n(g).
7
Let k(b) = -b**2 + 4*b. Let v(q) = -7*q**3 + q**2 - q. Let a be v(-1). Let c = a - 4. Determine k(c).
-5
Suppose 5*k = 10*k - 15. Suppose 5*y = -2*a - 11, -8 = k*a + y - 2*y. Let r(w) = 3*w + 3*w + 1 - 2*w - 30*w**2 + 32*w**2. Determine r(a).
7
Let y be 1/((3 + 0)/15). Let g(d) = 0*d - d - 34*d**2 + 36*d**2 - y*d**3. Suppose -4*w - 1 = -5. Give g(w).
-4
Let t(k) = 3*k - 2308 + 4594 - 2296. Determine t(4).
2
Suppose -2*o = 4*z - 22, 4*z + 8 - 40 = -4*o. Let h(m) = 0*m + 3*m - 1 - o*m + 3*m. What is h(-6)?
-7
Suppose -2*q - o - 28 = -7*q, -2*q + 25 = -5*o. Let n(i) = i**3 + i. Let y(f) = 4*f**3 - 6*f**2 + 4*f + 3. Let w(l) = q*n(l) - y(l). Calculate w(-6).
-9
Let p(b) be the second derivative of b**3/6 + b**2/2 + b. Let r(h) = -h**3 + 5*h**2 - 2*h + 4. Let w(l) = -2*p(l) + r(l). Let y = 1381 - 1377. Determine w(y).
2
Let d(s) = s**2 - s. Let n(p) = p. Let l(h) = -2*d(h) - 2*n(h). Let o be l(-1). Let g(f) = 2*f**2 - f. Calculate g(o).
10
Let a = 5 - 2. Let m be (-2 - -600)/1 + (-26)/(-13). Let q(x) = -m*x + 4 - x**3 + x**2 + 600*x. Determine q(a).
-14
Suppose 38*v = 34*v + b - 40, 20 = -5*b. Let w(j) = -j**2 - 14*j - 8. Calculate w(v).
25
Let r = 0 - 0. Suppose -3*u = -r*u + 3. Let m(k) = 1 + 31*k + 23*k - 77*k + 26*k. Determine m(u).
-2
Let q(l) = 6*l**2 - 13. Let u(o) = 5*o**2 - 11. Let x(s) = 4*q(s) - 5*u(s). Let f be (-1)/(-2) - (-10)/4. Calculate x(f).
-6
Suppose 0*u = 2*o + 4*u - 26, 3*u = -2*o + 22. Let h(l) = o - 2*l - 4 + 3. Suppose -20 = -b - 4*f - 1, 4*b - 3*f = 0. Give h(b).
-2
Let v(r) = -13*r**2 + 21*r. Let y(k) = 7*k**2 - 11*k. Let p(i) = -6*v(i) - 11*y(i). Suppose 556*g = 511*g + 270. What is p(g)?
6
Let k(h) = -1475*h + 2941*h - 1472*h + h**2. Determine k(5).
-5
Let b(i) = 4*i**2 + 0*i - i**2 - i**3 + 4 - 3*i. Let q = 25 + -22. Suppose q*t = t + 3*c - 9, -3*t = -c - 4. What is b(t)?
-5
Let c(n) = -142*n - 703. Let d be c(-5). Let a(f) = -3*f + 5 - 5. Calculate a(d).
-21
Let p(m) = -5*m - 5*m**2 - 47*m**3 - 61*m**3 + 107*m**3. Let w(j) = -j**3 - 7*j**2 + 9*j + 4. Let i = -20 - -12. Let u be w(i). Determine p(u).
4
Let a(j) = j**2 - 1. Let t(s) = -3*s. Let q(l) = -a(l) - 2*t(l). Calculate q(2).
9
Let k(u) = -3*u**2 - 5*u - 1. Let b(j) = 5*j**2 + 6*j + 1. Let c(v) = -2*b(v) - 3*k(v). Determine c(7).
-27
Let z be (-19 - (-99)/11) + 4. Let q(k) = k**3 + 5*k**2 - k + 11. Give q(z).
-19
Let r be (-6)/18*(-30)/(-2). Let u be (-3 - 0) + (-6)/(-3). Let p = u + r. Let o(f) = -f + 2. Give o(p).
8
Let o(u) be the first derivative of -u**4/4 + 2*u + 6. Let k be 4 - 0/1 - 2. Suppose 2*a + k*z = -17 + 3, -z - 5 = 0. Determine o(a).
10
Let i(f) = f**3 - 6*f**2 + 3*f + 6. Suppose 0*l = 4*w - 2*l - 12, 4*w + 5*l - 40 = 0. Determine i(w).
-4
Let z(p) = 2*p + 2. Let h be 14/28 - 26/4. Let o be h*1/2 + 3. Let r be z(o). Let x(d) = 4*d**2 - 3*d. Give x(r).
10
Let f(d) be the first derivative of d**5/20 + d**4/3 + d**3/3 - 2*d**2 - 13*d + 3. Let s(h) be the first derivative of f(h). Calculate s(-4).
-12
Let j(c) = 2*c - 5. Suppose -2*b + 2 = 0, -x - 4*b - 7 = -5*b. What is j(x)?
-17
Let s(g) be the first derivative of 4*g**2 - 7*g - 41. Let w(l) = 17*l - 15. Let d(o) = 13*s(o) - 6*w(o). Give d(5).
9
Let o be 1 + 10/(0 + 5). Let l(c) = 1 + 7*c**3 + 0 + 2*c**2 - 14*c**3 + 6*c**3. Calculate l(o).
-8
Let c(l) = l**3 + 3*l**2 + l + 5. Let a = 161 - 166. Give c(a).
-50
Let h(r) = 5*r + 1. Let a(j) be the third derivative of 7/12*j**4 + 0 + 0*j + 2*j**2 + 1/3*j**3. Let d(o) = -6*a(o) + 17*h(o). Give d(-6).
-1
Let q(b) = b**3 - b + 29. Suppose -31*r - 6*r = -17*r. Give q(r).
29
Let l(z) be the third derivative of z**5/60 - z**4/12 - 2*z**3 + 358*z**2. Calculate l(5).
3
Let x(a) = -a. Let r(i) = -15*i + 2. Let y(q) = -r(q) + 6*x(q). Let z(h) = 11*h - 1. Let u(p) = -5*y(p) + 4*z(p). Determine u(0).
6
Suppose 57*q + 56 = 64*q. Let m(b) = -b**3 + 9*b**2 - 9*b - 5. Give m(q).
-13
Let g(b) = 9*b + 13. Let l = 1280 + -1282. What is g(l)?
-5
Let v(h) = h**3 + h**2 - 2*h - 1. Suppose 3*m = -0*m - 24. Let n be (29/2)/((-4)/m). Let r = n + -27. Determine v(r).
7
Let n(r) be the third derivative of r**5/20 + r**4/8 - r**3/3 + 18*r**2. Let b(d) = -7*d**2 - 7*d + 5. Let g(y) = 2*b(y) + 5*n(y). What is g(1)?
2
Let g(o) = -2*o**2 - 11*o - 4. Let l = -1007 + 1003. Determine g(l).
8
Let c(h) = -h**3 + 7*h**2. Suppose 2*i - 25 = -3*p, -4*p - 5*i + 31 = -p. Give c(p).
0
Let x(d) = 4*d - 12. Let l be (1/1*-3)/(-1). Let y be x(l). Let r(f) = -f - 5. Determine r(y).
-5
Suppose 50*a - 40*a - 40 = 0. Let r(h) = -h**3 + 6*h**2 - 7*h - 8. Give r(a).
-4
Let v(r) = -30*r**3 - 2*r**2 + r + 1. Let o = 1689 + -1688. What is v(o)?
-30
Let u(j) = -j**3 + 2*j - 280 + 7*j**2 - 277 + 540. Calculate u(7).
-3
Let q be (-245)/(-77) - (-8)/(-44). Let l(w) = w - 4. What is l(q)?
-1
Let i(n) = n - 12. Let b be 3*(6 + -13 + 11). Calculate i(b).
0
Let m(o) be the first derivative of -o**2/2 - 127. Determine m(1).
-1
Let w(d) = -d**3 + 3*d**2 - 10*d + 6. Let u(b) = b**2 + b - 1. Let g(n) = 4*u(n) + w(n). Determine g(4).
26
Let n be (-6)/(-4)*(39/9 + -3). Let v(k) = -6*k**2 - 2*k + 1 - 4*k**2 + 8*k**2 - 5*k**n. Give v(1).
-8
Let y(q) = 2*q - 4*q + 0*q + 3*q + 4. Suppose -9*s + 0 - 63 = 0. Determine y(s).
-3
Let n(w) = 7*w + 0*w**2 - 16 + 7*w**2 + 2*w**2. Let c(g) = 5*g**2 + 3*g - 8. Let i(p) = -7*c(p) + 4*n(p). Determine i(-8).
0
Let h(g) = 2*g + 18. Let k be h(-9). Suppose -5*l - 2*i = -0*i + 7, k = 3*l + 3*i - 3. Let o(v) = v**3 + 3*v**2 + v + 1. Determine o(l).
-2
Let k(t) = 98*t + 0 + 96*t - 2*t**2 - 195*t + t**3 - 1. Determine k(2).
-3
Let p(m) = 2*m**2 - 2*m. Let l be p(2). Suppose l*u = 0, 5*g + 5*u = 3*g - 4. Let r(c) = c**3 - 2*c**2 - 3*c - 1. Determine r(g).
-11
Let y(k) = k**3 + 2*k**2 - 14*k - 13*k**2 - 660 + 653. What is y(12)?
-31
Let h(w) be the first derivative of w**3/3 + 5*w**2/2 - 8*w - 418. Determine h(-6).
-2
Let s(u) = -14*u**3 - 2*u**2 + 1. Let f(w) be the first derivative of -w**3/3 + w**2/2 + 11*w - 5. Let i be f(4). Give s(i).
13